t n = -211 + 304. What is the remainder when n is divided by w(-1)?
21
Suppose n + 2*a + 22 = 4*a, 4*a = 4. Let k = n - -47. Calculate the remainder when k is divided by 14.
13
Suppose -d = 2 - 1. Calculate the remainder when d/(-3) + 140/3 is divided by (-7)/(14/(-30)) + 1.
15
Let k(q) = 2*q**3 - 6*q**2 + 3*q - 4. Let m be k(4). Let o = m - 29. Let v(z) = 20*z**3 + z**2 - 1. What is the remainder when v(1) is divided by o?
9
Let h be (3/1 + -5)*-12. Suppose c - 3*o = -0*c, -4*c + 4*o = -h. Let l = c - 3. Calculate the remainder when 21 is divided by l.
3
Let p = 19 + -6. Let l be (6/3)/(3/6). Suppose 69 = l*a - 79. What is the remainder when a is divided by p?
11
Let c = 117 - 103. What is the remainder when 24 is divided by c?
10
Suppose 0 = -7*o + 9*o - 134. What is the remainder when o is divided by 14?
11
Suppose 5*y - y - 20 = 0. Suppose 2*h - 17 = 3*l, -3*h - y*l + 54 = -0*l. Let i(o) = o**2 - 3*o + 4. What is the remainder when h is divided by i(4)?
5
Let c(v) = 4*v**2 + v - 3. Calculate the remainder when 18 is divided by c(-2).
7
Let l = 58 - 48. What is the remainder when 19 is divided by l?
9
What is the remainder when (-2)/(-10) + (-568)/(-10) is divided by ((-10)/1)/((-3)/6)?
17
Let c = 3 - 3. Suppose 2*p + 34 = 4*r - 0*p, c = 5*r + p - 53. What is the remainder when r is divided by 4?
2
Let j(r) = -4*r - 21. Calculate the remainder when 78 is divided by j(-12).
24
Let r(g) = -3*g - 3*g + 5*g - 10. Let p be r(-8). Calculate the remainder when 6 is divided by (-3)/p*8/3.
2
Let y(r) = -r**3 - 11*r**2 - 4*r - 4. Calculate the remainder when y(-11) is divided by 22.
18
Let b be (8/6)/(2/3). Let l(n) = -5 + 3 - 1 - 3*n + n**b. Calculate the remainder when 20 is divided by l(-2).
6
Let m(a) = 2*a**2 - 6*a + 6. What is the remainder when m(5) is divided by (1 + -2)*(3 + -17)?
12
Suppose -14 = -2*s - 0*s + 5*m, 4*s + 2*m - 28 = 0. Let w(l) = l**3 + 5*l**2 - 2*l + 2. What is the remainder when w(-5) is divided by s?
5
Let h = 257 + -124. Calculate the remainder when h is divided by -6 + (-6 - -6) - -40.
31
Let h(g) = 3*g**2 - 10*g - 2. Let d be h(7). Suppose y + 2*y = 5*t + d, 0 = -2*y - t + 37. Calculate the remainder when y is divided by 7.
6
Let q = -22 - -63. What is the remainder when q is divided by 14?
13
Suppose 0 = -3*m - 2 + 29. Suppose 118 = 4*q + 50. Calculate the remainder when q is divided by m.
8
Let v = -31 + -13. Suppose -3*m - 342 = -3*p, -p = m - 13 - 91. Let a = v + p. Calculate the remainder when a is divided by 22.
21
Let l(k) = 6*k**2 - 8*k - 29. What is the remainder when l(-3) is divided by 13?
10
Let y(g) = 75*g**2 + g. Let z be y(2). What is the remainder when z/18 + (-6)/(-27) is divided by 9?
8
Let b(v) = v**3 + 7*v**2 + 6*v + 4. Let u be -2 - (-1)/((-2)/4). What is the remainder when b(-5) is divided by ((-13)/2)/(2/u)?
11
Suppose -1 = 2*w - 5. Suppose y + 3 = -w. Calculate the remainder when 8 is divided by 0/y - 5*-1.
3
Let u(f) = f**2 + 10*f + 4. Let p be u(-10). Suppose -p*q = -12, l = 5*l + 3*q - 81. What is the remainder when 19 is divided by (-184)/(-18) + (-4)/l?
9
Suppose -5*p + 9 = -3*k + 29, 5*k + 3*p = 56. Suppose 2*z - 45 = 13. Calculate the remainder when z is divided by k.
9
Let p = -12 - -32. Calculate the remainder when p is divided by 7.
6
Let i(q) = q**3 + 6*q**2 - 2. Let m be i(-6). Let n = 1 - -9. What is the remainder when n is divided by 4/(m/(-9)*3)?
4
Suppose c + o - 11 = 0, -4*o = 2*c - 18 - 2. Suppose -52 = -3*f + 5*j - c, -5*j - 10 = 0. Calculate the remainder when 29 is divided by f.
9
Suppose -34*k + 38*k - 204 = 0. Calculate the remainder when k is divided by 11.
7
Let n(u) = u**3 - 7*u**2 + 10*u - 8. Suppose 2*g + g - 10 = 2*q, 4*q = 5*g - 14. Calculate the remainder when (3 - 1)*94/4 is divided by n(g).
15
Let q(p) = 3*p + 28. What is the remainder when q(0) is divided by 16?
12
Suppose 3*w = -3*h - 3, -5*h + 23 = -3*w + w. Suppose 0 = -3*j - 3*k - 2*k + 38, -4*k + 37 = 3*j. Calculate the remainder when j is divided by h.
2
Suppose 0 = -r + 2*r. Suppose r = 5*i - 15 - 50. Suppose -6*f = -19 - 29. What is the remainder when i is divided by f?
5
Suppose -6*v = -2*v - 60. Calculate the remainder when v is divided by 4.
3
Let z(l) = l**3 - 4*l**2 - 6*l + 6. Suppose 0*d + 4*i + 9 = d, -5*i = 2*d + 8. What is the remainder when z(5) is divided by d?
0
Let z(d) = d**2 + 5 - 4 - d + 1. Calculate the remainder when 41 is divided by z(4).
13
Let u(h) be the third derivative of -h**4/24 - 5*h**3/6 - h**2. Let y be u(-5). Suppose 2*t + 2 - 4 = y. What is the remainder when 1 is divided by t?
0
Suppose 0 = -3*w - 35 + 698. Suppose -182 = -4*a + l, 8*a + 2*l = 3*a + w. Calculate the remainder when a is divided by 23.
22
Let i be (3 - (-12)/(-3))*-150. Suppose -396 = -6*j - i. Suppose 3*o - 62 = -4*f, 0*o - 3*o = -f - 37. What is the remainder when j is divided by o?
13
Calculate the remainder when 33 is divided by (6/(-5))/((-10)/100).
9
Let y(b) = -11*b**2 + b - 1. Let z be y(1). Calculate the remainder when (1/3)/(z/(-759)) is divided by 6.
5
Let q be 2*(0 + 1) - 0. Suppose 30 = t + q*t. Let j = 62 - 35. Calculate the remainder when j is divided by t.
7
Let p = 57 - 29. Calculate the remainder when p is divided by 10.
8
Suppose -139 = 7*g - 412. What is the remainder when g is divided by 7?
4
Let d(p) = -p**3 + 6*p**2 + 2*p - 8. Let b be d(6). Suppose 0 = -b*r + 19 + 37. Calculate the remainder when (-2148)/(-54) + 4/18 is divided by r.
12
Let q be 5/20 - 2/8. Let k = 3 - q. What is the remainder when 8 is divided by k?
2
Let w be ((-14)/8)/(6/72). Let g = w + 45. What is the remainder when g is divided by 13?
11
Let j(l) = 14*l**2. Calculate the remainder when -2*((-265)/2)/5 is divided by j(-1).
11
Let m(x) = 3*x - 1. Let d(z) = -6*z + 2. Let c(k) = -4*d(k) - 7*m(k). Calculate the remainder when c(16) is divided by 16.
15
Suppose -353 = -4*y + 175. Suppose -99 = -3*k - g, -3*g + 7*g - y = -4*k. Calculate the remainder when k is divided by 9.
6
Let s(b) = 14*b. Let z = -7 + 8. What is the remainder when 25 is divided by s(z)?
11
Suppose s - 5*s = -124. Calculate the remainder when s is divided by 18.
13
Suppose -2*b = -3*v + 50, 0 = 5*v - 2*b + 10 - 96. Calculate the remainder when v is divided by 10.
8
Suppose 2*d - 4*d - 2*i = -54, 0 = -5*d + 4*i + 117. Calculate the remainder when d is divided by 13.
12
Suppose 0 = f + 3*f - 20. Let o = -409 - -426. Calculate the remainder when o is divided by f.
2
Suppose 0 = 2*j - 20 - 8. Suppose -4*p - 4*r + 232 = 0, 0*p = -3*p + 2*r + 159. What is the remainder when p is divided by j?
13
Suppose -4*u - 3 + 187 = -5*i, 2*i - 184 = -4*u. Calculate the remainder when u is divided by 8.
6
Suppose -2*k + 5 = 1. Let g = k - -18. What is the remainder when 58 is divided by g?
18
Let l(x) = x**2 + 4*x + 4. Let w be l(-3). Suppose k - 54 = w. Suppose -16 = 6*h - 130. Calculate the remainder when k is divided by h.
17
Let p(w) = -w**2 + 4*w + 11. Suppose 5*a = 8 + 17. What is the remainder when 9 is divided by p(a)?
3
Suppose 3*s - 23 = 10. Let l(u) = 35*u - 3. Let j be l(4). Suppose -5*a = 3*b - 83, 3*b - j = -3*a - 50. What is the remainder when b is divided by s?
9
Suppose v = 6*v. Suppose 4*l = -v*l + 56. Suppose 0 = -o - 3*z + 31, 2*o - 6*o + 2*z + 166 = 0. What is the remainder when o is divided by l?
12
Suppose -8 = -3*y + 7. Calculate the remainder when 11 is divided by y.
1
Let l(y) = 12*y + 5. What is the remainder when 108 is divided by l(2)?
21
Suppose 3*j = 26 + 82. What is the remainder when j is divided by 19?
17
Let h = 25 + -2. Suppose -3*f + 68 = 32. Calculate the remainder when h is divided by f.
11
Suppose -3*a + 67 = 2*z + 16, -3*z - 51 = -4*a. Calculate the remainder when a is divided by 9.
6
Suppose 9*i - 2*i = 469. Calculate the remainder when i is divided by 17.
16
Suppose d - 4*n - 85 = 4*d, -2*n = d + 27. Let k = d - -90. What is the remainder when k is divided by 12?
11
Let l = -11 + 15. Calculate the remainder when 19 is divided by l.
3
Let w(r) = -11*r - 58. Calculate the remainder when w(-9) is divided by 15.
11
Let q = -16 + 22. Suppose -36 = u - 5*u. What is the remainder when u is divided by q?
3
Let m = -12 + 75. Suppose 3*c - 4*c = -16. What is the remainder when m is divided by c?
15
Suppose -4 = -8*n + 7*n. What is